 = -14 + 12. Let r = 148 + f. Suppose -r - 64 = -2*p. Is p a multiple of 12?
False
Let a(m) = 2*m**2 - 15*m - 16. Let k be a(8). Let u be (-892)/(-2)*((-20)/k - 2). Suppose 3*f - u = 4*n, 0*f - 2*f - 5*n = -187. Is 10 a factor of f?
False
Let v(i) = -170*i - 117. Is 27 a factor of v(-13)?
False
Let g = 454 - 451. Suppose 24 = 2*w - w. Let n = w - g. Is 7 a factor of n?
True
Let g(i) = -i**3 - i**2 + i - 2. Let f(h) = 8*h**3 - 6*h**2 - 14*h + 66. Let z(x) = f(x) + 6*g(x). Is z(9) a multiple of 78?
True
Let a(h) = -12*h + 51. Let l(f) = -11*f + 52. Let b(k) = -3*a(k) + 2*l(k). Is 21 a factor of b(32)?
True
Suppose 0 = 4*d + 3*c - 1303, -4*d + 5*c = 4*c - 1299. Suppose 8835*o - 8839*o + 660 = 0. Let k = d - o. Is 7 a factor of k?
False
Suppose 3*s = s. Suppose 3*q - 5*q + 504 = s. Suppose q = 3*x + x. Is 9 a factor of x?
True
Let u = 36281 - 19951. Does 71 divide u?
True
Does 49 divide (-3)/24 - ((-134289)/72 + 1)?
False
Suppose -3*a = 2*a + 25, -15 = -5*q + a. Is q*(-40)/(-16) + 684 a multiple of 29?
False
Suppose 0 = -28*g + 10*g + 96480. Does 10 divide g?
True
Let n be (-262)/(-14) - 4/(-14). Suppose 2*i + j = -n, -4*i + 3*j - 14 = 9. Is ((-4)/i)/(((-21)/30)/(-7)) even?
False
Does 59 divide (169/(-13) - 47)*-48?
False
Suppose 3*r = 5*h, -5*h = 5*r - r. Suppose -4*g - 21 = -4*y + 75, h = 2*g. Is 2 a factor of y?
True
Does 4 divide 1/(-3) + (-415275)/(-126) - (-2)/(-4)?
False
Suppose 30*o + 25*o - 39*o = 119616. Does 89 divide o?
True
Let w = 21216 - 9436. Is 10 a factor of w?
True
Suppose 4*h + 24 = -0. Is 7 a factor of (-7)/42 + -2 + (-325)/h?
False
Suppose 0 = -4*b - 4, -2*r = -6*r + b + 213. Let u = r + -47. Suppose 0 = 2*y - 4*f - 2 - u, -18 = -3*y + 4*f. Does 5 divide y?
True
Let s = 5116 + -4826. Is 2 a factor of s?
True
Suppose -3*s - 2*s + m = -128, 2*m - 4 = 0. Suppose 9*v - 6*v = 4*d - s, -6 = 3*v. Suppose -4*j + 2*u - 294 = -6*j, -d*u = -15. Is j a multiple of 41?
False
Suppose -6*l + 5 = -4*l - 5*f, 5*l - 5*f - 35 = 0. Suppose -l*a - 6*a = -4960. Does 42 divide a?
False
Let q(m) = 5*m**2 + 130*m - 4 - 2 - 110*m. Let u be q(-9). Let f = u - 79. Does 21 divide f?
False
Let y = -878 - -878. Let v(g) be the second derivative of -g**3/3 + 58*g**2 - g. Is 29 a factor of v(y)?
True
Let x(c) = -28*c**3 + 4*c**2 + 2*c - 6. Let z be (-6)/16 + 2058/(-784). Does 65 divide x(z)?
True
Let b be -1*(-4 + 53)*-1. Suppose -n = 2*g - 86, 6*g = 4*g - 4*n + 98. Let z = b - g. Does 2 divide z?
True
Let j be 176/(-66)*(90/(-8))/(-3). Let g(n) = 2*n**2 + 14*n - 7. Is g(j) a multiple of 6?
False
Suppose -9*g + 16*g - 35 = 0. Suppose -g*n + 585 = -2*n. Is 17 a factor of n?
False
Let v = -205 - -396. Let i = -155 + v. Is i a multiple of 5?
False
Let w(s) = -9 - 133*s - 133*s + s**3 + 259*s + 3*s**2. Let n be w(-4). Suppose -3*m - n*o + 137 - 47 = 0, -2*o = -m + 36. Is 4 a factor of m?
True
Suppose -27*g + 23*g = -268. Suppose -x = 3 - g. Is 29 a factor of x?
False
Suppose 79*h + 309 = 65*h + 29877. Is h a multiple of 8?
True
Let a(t) = t**3 + 18*t**2 - 13*t + 3. Does 3 divide a(-14)?
True
Let s(b) = -34*b**2 + 1439*b - 40. Is s(36) a multiple of 14?
True
Suppose 5*r + 7*f = r + 32505, -16290 = -2*r + 4*f. Is 62 a factor of r?
False
Does 11 divide (3785 - -13) + (-21 - -7)?
True
Suppose -10*f + 29 = 9. Suppose s - 6*s + q = -4422, 4*s + f*q - 3532 = 0. Is 26 a factor of s?
True
Let b(a) = -136*a**3 - 5*a**2 - 17*a - 9. Is 7 a factor of b(-2)?
False
Let y be ((-14)/3)/((-13)/39). Let z be (-1*2)/(y/63) + -3. Does 44 divide 3/z - 708/(-16)?
True
Let x(h) = 147*h + 25. Let s(r) = 2*r**3 - 19*r**2 - 7*r - 25. Let n be s(10). Is x(n) a multiple of 20?
True
Let g(i) = -38*i**3 + 12*i**2 + 31*i + 55. Is g(-7) a multiple of 22?
False
Let f(g) = -5*g - 3. Let h be f(-1). Suppose -3*s + 4 = -h*q + 26, -5*s - 20 = 0. Suppose -2*p = -4*b + b - 53, -p + 59 = q*b. Is 8 a factor of p?
False
Suppose -2*j + 12*w + 1228 = 0, 4*j - 14*w = -19*w + 2311. Is j a multiple of 8?
True
Let y(x) = -5*x**3 - 12*x**2 - 19*x + 12. Let g(d) = 25*d + 3*d**3 - 9 + 3 + 6*d**2 - 16*d. Let a(l) = 7*g(l) + 4*y(l). Does 12 divide a(9)?
True
Let c(v) = -7*v**3 + 29*v**2 + 21*v - 2. Let n(w) = w**3 - w**2 + w + 1. Let x(a) = c(a) + 6*n(a). Let d be 2/12 - (-1430)/60. Is 19 a factor of x(d)?
True
Suppose 2*j + 5*u = 16, 5*j - u - 5 = 4*u. Suppose -14*o - j*m = -15*o + 432, o - m = 434. Is 17 a factor of o?
False
Let v = 70 - -19. Let r be 887/7 + 48/168. Let q = r - v. Does 8 divide q?
False
Let h(q) be the first derivative of q**4/24 + 11*q**3/2 + 11*q**2/2 + 4. Let y(v) be the second derivative of h(v). Does 13 divide y(-16)?
False
Suppose 3*h - 2*d = 4575, 41*h + 3*d = 46*h - 7624. Is h a multiple of 51?
False
Suppose 0 = -7*b - 526 - 356. Let j = b + 177. Is j a multiple of 3?
True
Let f be 1*(12/4 - 3). Suppose -n + 12 = 5. Suppose n*v - 85 - 405 = f. Is v a multiple of 10?
True
Suppose 7*o - 8*o = -236. Suppose -2*u + 6*u + o = 4*f, 319 = 5*f + u. Suppose -3*n - f = -p - 14, p - 49 = n. Is p a multiple of 7?
True
Suppose 0 = 3*p + 9, -p + 2 = 3*w + 14. Does 6 divide w*2*376/(-72)*3?
False
Let i = -3307 - -4511. Is i a multiple of 10?
False
Suppose 0 = 98*d - 103*d - f + 210054, 210000 = 5*d - 5*f. Does 67 divide d?
True
Let v(b) = 103*b - 955. Is v(16) a multiple of 22?
False
Let k(q) = q**3 + 25*q**2 + 39*q - 13. Let p(c) = -c**2 + 52*c - 258. Let m be p(47). Does 74 divide k(m)?
True
Let l(n) = 7*n**2 + 8*n + 1. Let r be l(9). Suppose r = -59*g + 61*g. Is g a multiple of 10?
True
Let v = -1929 - -2873. Does 63 divide v?
False
Let t(k) = -7*k - 9. Let j be t(-2). Let b(u) = u. Let o be b(j). Suppose 0 = -o*l + q + 90, -5*l + 65 = -3*q - 35. Does 2 divide l?
False
Let u(k) = k**3 - 10*k**2 + 3. Let q be u(8). Is -1*(0 + 1)*(-78 + q) a multiple of 29?
True
Let j(v) = 3*v**3 - 2*v**2 - 3*v + 6. Suppose 2*k - 6 = 2*h, -10*k + 7*k + 8 = -2*h. Is 4 a factor of j(k)?
True
Let o = 238 + -302. Let s = 208 - o. Is 16 a factor of s?
True
Let x(y) = 57*y + 15*y + 54*y + 81*y - 4. Is x(2) a multiple of 38?
False
Let m(c) = -17*c**3 + 5*c**2 - 73*c - 470. Is 61 a factor of m(-6)?
False
Let y = 62 - 58. Suppose 4*r + y*h - 3*h = 2887, -3*h - 738 = -r. Suppose -5*o + r - 232 = 2*p, 4*p = 2*o - 182. Is o a multiple of 17?
False
Let z(l) = 36*l**2 + 7*l + 6. Suppose 0 = 687*v - 690*v - 3. Is 14 a factor of z(v)?
False
Let o = 102 - 99. Suppose 2*j + 0*l = 4*l + 104, -3*j + 168 = -o*l. Is 5 a factor of j?
True
Let u = 21691 - 14579. Is u a multiple of 138?
False
Is 3173 + 0/(-1) - (-1064)/(-152) a multiple of 3?
False
Suppose 159 = 4*y - 4*k + 87, 4*y - 2*k - 62 = 0. Suppose -714 = -y*b + 6*b. Is b a multiple of 13?
False
Suppose 5*c - 6230 = -5*n, c + 163 = 3*n + 1405. Let d = c + -579. Is 32 a factor of d?
False
Let o be 1120 + -4 + 30/3. Let u = 1776 - o. Is u a multiple of 50?
True
Let u(a) = 838*a**2 + 6*a + 4. Let z be u(-2). Suppose -15*d + 3211 = -z. Is 19 a factor of d?
True
Let d = -37 + 122. Suppose -d = -5*q - 105. Let r(h) = -h**3 - 3*h**2 - 6*h - 3. Does 37 divide r(q)?
True
Suppose 3*x = -4*z + 4189, 9*x = 5*z + 11*x - 5238. Let a = z + -736. Is a a multiple of 13?
True
Let d(w) = 2*w**2 + 81*w + 1111. Is d(-30) a multiple of 3?
False
Let d(l) = 425*l**2 - 9*l + 2. Let s be d(-5). Suppose 13*j - s = -10*j. Is j a multiple of 8?
True
Suppose 0 = -126*k + 128*k - 7344. Is 31 a factor of k?
False
Let o = -26533 + 53499. Is o a multiple of 139?
True
Suppose 10 = -4*f - 18. Let q be 1 - f/(((-1)/(-5))/1). Suppose -2*y + 28 + q = 0. Is y a multiple of 10?
False
Let r be 2 - 0 - 0 - (1 - 163). Suppose 3*b + 4*j = r, 0 = -b - 3*j + 48. Is 6 a factor of b?
True
Let k be -108*(6/8 + 0). Let c = 75 - k. Is 12 a factor of c?
True
Suppose 0 = 3*l - 5*u - 11979 - 5971, 5*u - 11950 = -2*l. Does 130 divide l?
True
Let u(b) = 107*b**2 - 3*b + 4. Suppose -2 = 50*m - 51*m. Suppose 4*t = 4*i - 12, -5*t + m*i - 6*i + 21 = 0. Is 18 a factor of u(t)?
True
Let f(c) = -6*c**3 - 3*c**2 - 6*c - 119. Does 13 divide f(-6)?
True
Is 6*1853/(-102)*-22 a multiple of 11?
True
Let x(n) = n**3 - 2*n**2 - 9*n + 15. Let z be x(10). Suppose 2320 = 29*s - z. Does 20 divide s?
False
Let a(n) = -184*n + 1204. Is a(-8) a multiple of 7?
False
Suppose -4*h = 18*n - 16*n + 60, 0 = 4*h + n + 60. Is 4 a factor of (69/h)/(2/(-10))?
False
Le